when 699 is divided by 102.
87
Calculate the remainder when 19672 is divided by 103.
102
What is the remainder when 890 is divided by 222?
2
Calculate the remainder when 306 is divided by 28.
26
Calculate the remainder when 589 is divided by 26.
17
Calculate the remainder when 487 is divided by 14.
11
Calculate the remainder when 759 is divided by 96.
87
Calculate the remainder when 143 is divided by 72.
71
What is the remainder when 392 is divided by 1?
0
Calculate the remainder when 10898 is divided by 109.
107
What is the remainder when 249 is divided by 21?
18
Calculate the remainder when 3475 is divided by 385.
10
What is the remainder when 3608 is divided by 9?
8
Calculate the remainder when 843 is divided by 39.
24
What is the remainder when 852 is divided by 95?
92
What is the remainder when 245 is divided by 72?
29
What is the remainder when 43 is divided by 4?
3
What is the remainder when 674 is divided by 225?
224
What is the remainder when 464 is divided by 93?
92
What is the remainder when 122 is divided by 30?
2
Calculate the remainder when 56 is divided by 42.
14
Calculate the remainder when 745 is divided by 7.
3
What is the remainder when 123 is divided by 28?
11
Calculate the remainder when 370 is divided by 51.
13
What is the remainder when 6141 is divided by 32?
29
What is the remainder when 91 is divided by 41?
9
What is the remainder when 105 is divided by 57?
48
Calculate the remainder when 173 is divided by 8.
5
Calculate the remainder when 81 is divided by 18.
9
What is the remainder when 136 is divided by 66?
4
What is the remainder when 112 is divided by 12?
4
What is the remainder when 2328 is divided by 137?
136
What is the remainder when 56 is divided by 15?
11
What is the remainder when 118 is divided by 8?
6
What is the remainder when 1242 is divided by 74?
58
What is the remainder when 309 is divided by 53?
44
Calculate the remainder when 52 is divided by 31.
21
Calculate the remainder when 149 is divided by 43.
20
What is the remainder when 4881 is divided by 1622?
15
What is the remainder when 1383 is divided by 33?
30
What is the remainder when 230 is divided by 59?
53
Calculate the remainder when 322 is divided by 30.
22
Calculate the remainder when 443 is divided by 23.
6
What is the remainder when 372 is divided by 90?
12
Calculate the remainder when 62 is divided by 51.
11
Calculate the remainder when 1884 is divided by 189.
183
Calculate the remainder when 78 is divided by 16.
14
What is the remainder when 38 is divided by 28?
10
What is the remainder when 162 is divided by 65?
32
What is the remainder when 53 is divided by 29?
24
What is the remainder when 1002 is divided by 300?
102
What is the remainder when 497 is divided by 20?
17
What is the remainder when 177 is divided by 42?
9
What is the remainder when 721 is divided by 91?
84
Calculate the remainder when 134 is divided by 32.
6
What is the remainder when 219 is divided by 20?
19
Calculate the remainder when 286 is divided by 122.
42
What is the remainder when 1743 is divided by 174?
3
Calculate the remainder when 63649 is divided by 25.
24
What is the remainder when 119 is divided by 48?
23
Calculate the remainder when 196 is divided by 21.
7
Calculate the remainder when 3310 is divided by 16.
14
Calculate the remainder when 1494 is divided by 88.
86
What is the remainder when 1318 is divided by 22?
20
What is the remainder when 832 is divided by 225?
157
What is the remainder when 549 is divided by 57?
36
Calculate the remainder when 198 is divided by 59.
21
What is the remainder when 6952 is divided by 114?
112
Calculate the remainder when 87 is divided by 19.
11
What is the remainder when 57 is divided by 9?
3
Calculate the remainder when 767 is divided by 86.
79
What is the remainder when 365 is divided by 60?
5
Calculate the remainder when 227 is divided by 18.
11
What is the remainder when 609 is divided by 17?
14
What is the remainder when 112 is divided by 66?
46
Calculate the remainder when 763 is divided by 176.
59
Calculate the remainder when 241 is divided by 225.
16
Calculate the remainder when 19762 is divided by 27.
25
What is the remainder when 636 is divided by 49?
48
What is the remainder when 851 is divided by 278?
17
What is the remainder when 401 is divided by 133?
2
Calculate the remainder when 3063 is divided by 338.
21
Calculate the remainder when 53 is divided by 51.
2
What is the remainder when 1142 is divided by 34?
20
What is the remainder when 2396 is divided by 119?
16
Calculate the remainder when 66 is divided by 14.
10
What is the remainder when 556 is divided by 56?
52
What is the remainder when 1087 is divided by 78?
73
What is the remainder when 444 is divided by 30?
24
Calculate the remainder when 3806 is divided by 47.
46
What is the remainder when 4026 is divided by 1335?
21
What is the remainder when 940 is divided by 16?
12
Calculate the remainder when 1639 is divided by 22.
11
Calculate the remainder when 1265 is divided by 61.
45
Calculate the remainder when 789 is divided by 12.
9
What is the remainder when 927 is divided by 140?
87
What is the remainder when 146 is divided by 38?
32
Calculate the remainder when 1413 is divided by 118.
115
What is the remainder when 424 is divided by 107?
103
What is the remainder when 42 is divided by 29?
13
What is the remainder when 1219 is divided by 102?
97
Calculate the remainder when 307 is divided by 62.
59
Calculate the remainder when 870 is divided by 66.
12
Calculate the remainder when 6886 is divided by 42.
40
Calculate the remainder when 47364 is divided by 57.
54
Calculate the remainder when 88 is divided by 32.
24
Calculate the remainder when 3739 is divided by 73.
16
Calculate the remainder when 2055 is divided by 269.
172
Calculate the remainder when 395 is divided by 57.
53
What is the remainder when 1592 is divided by 107?
94
What is the remainder when 406 is divided by 110?
76
What is the remainder when 666 is divided by 29?
28
What is the remainder when 430 is divided by 87?
82
What is the remainder when 36 is divided by 4?
0
Calculate the remainder when 111 is divided by 58.
53
What is the remainder when 676 is divided by 34?
30
Calculate the remainder when 1585 is divided by 44.
1
Calculate the remainder when 66 is divided by 19.
9
What is the remainder when 524 is divided by 98?
34
Calculate the remainder when 2957 is divided by 80.
77
Calculate the remainder when 2150 is divided by 10.
0
Calculate the remainder when 54 is divided by 15.
9
Calculate the remainder when 226 is divided by 75.
1
What is the remainder when 2753 is divided by 27?
26
What is the remainder when 784 is divided by 776?
8
What is the remainder when 1424 is divided by 470?
14
What is the remainder when 526 is divided by 171?
13
Calculate the remainder when 59 is divided by 17.
8
Calculate the remainder when 1415 is divided by 408.
191
Calculate the remainder when 168 is divided by 13.
12
What is the remainder when 182 is divided by 10?
2
What is the remainder when 24 is divided by 11?
2
What is the remainder when 114 is divided by 97?
17
Calculate the remainder when 48 is divided by 17.
14
Calculate the remainder when 442 is divided by 64.
58
What is the remainder when 4765 is divided by 342?
319
Calculate the remainder when 1217 is divided by 61.
58
Calculate the remainder when 1580 is divided by 174.
14
Calculate the remainder when 106 is divided by 49.
8
Calculate the remainder when 47 is divided by 18.
11
What is the remainder when 3531 is divided by 68?
63
What is the remainder when 1514 is divided by 34?
18
Calculate the remainder when 144 is divided by 38.
30
What is the remainder when 43 is divided by 4?
3
Calculate the remainder when 1481 is divided by 38.
37
Calculate the remainder when 38 is divided by 4.
2
What is the remainder when 807 is divided by 15?
12
Calculate the remainder when 1749 is divided by 12.
9
What is the remainder when 956 is divided by 78?
20
What is the remainder when 470 is divided by 25?
20
What is the remainder when 1784 is divided by 24?
8
Calculate the remainder when 3478 is divided by 20.
18
Calculate the remainder when 362 is divided by 28.
26
What is the remainder when 75 is divided by 34?
7
What is the remainder when 248 is di